*x - l - 47, 0 = 3*x + 2*l + 7 - 43. Let q be x + 4/(-2) - (2 - 6). Calculate the greatest common divisor of 84 and q.
12
Suppose 3*r = j + 13, r - 1 = j + j. Let v(h) = 0*h**2 + 3*h**2 + 0*h**j + 4 - 2*h**2. Let o be v(0). Calculate the highest common divisor of o and 8.
4
Let n = -289 + 343. Calculate the highest common factor of 6 and n.
6
Let x(l) = l**3 + 10*l**2 + 13*l - 14. Let c be x(-8). Suppose -1 + c = 3*t. What is the highest common divisor of t and 15?
3
Let s = -861 + 875. Let v(r) = -7*r. Suppose 2*n = 6*n + 8. Let g be v(n). Calculate the greatest common factor of g and s.
14
Let g(w) = 2*w**2 + 47*w + 360. Let y be g(-22). What is the greatest common factor of 36 and y?
6
Suppose j = -3*q + 96, -11*j + 4*q = -6*j - 404. What is the greatest common divisor of 189 and j?
21
Let t(n) = -n**2 + 12*n - 15. Let d be t(7). Calculate the highest common divisor of 1800 and d.
20
Let w = 69 + 11. Calculate the greatest common factor of 30 and w.
10
Let b(n) be the first derivative of n**3/3 + 2*n**2 - 13*n - 11. Let u be b(4). Calculate the highest common factor of u and 209.
19
Let p = 1442 - 1242. Calculate the greatest common divisor of 475 and p.
25
Let r(k) = -5*k - 6. Let m be r(-4). Let n be (-182)/(-3)*21/m. What is the highest common divisor of n and 13?
13
Let f be (0 - 1)/((-20)/40). Suppose 3*x - 95 = -f*c, -6*x + 2*x = -c - 145. What is the highest common factor of x and 14?
7
Let x be (391 - 2) + (2 + 2 - 2). Suppose -103 = 3*g - x. What is the greatest common divisor of g and 12?
12
Let j = 0 + -7. Let y be -2 - (0 - -5)*j. Let f be 9 + -6 - (-3 - -3). What is the highest common factor of f and y?
3
Let f be (24/(-18))/(4/(-18)). Suppose -2 = 2*t - f*b + b, 0 = 5*t + 3*b - 57. Calculate the greatest common divisor of t and 3.
3
Suppose -565*w + 556*w + 2835 = 0. What is the greatest common divisor of w and 90?
45
Suppose 405 = -9*c + 3897. What is the greatest common factor of c and 4?
4
Suppose 120 = 26*h - 140. Calculate the highest common factor of h and 270.
10
Let g be (108/16)/((-27)/(-36)). Calculate the highest common factor of 144 and g.
9
Let c be (-60)/(-150) - 22/5. Let l be c/1 - (-9)/(18/32). Let f be 24/(2*1) + 0. Calculate the highest common factor of l and f.
12
Let g(f) be the second derivative of f**3/6 + 21*f**2/2 - f. Let d be g(14). Calculate the highest common factor of d and 350.
35
Let x(u) = 17*u**2 + 14*u + 98. Let m be x(-7). What is the greatest common divisor of 98 and m?
49
Suppose -7*p - 60 + 144 = 0. What is the highest common factor of p and 16?
4
Suppose 140*o - 55*o = 59*o + 156. Let c(r) = -3*r + 6. Let z be c(-6). Calculate the highest common factor of z and o.
6
Let v be 3/6*(-76)/(-2). Calculate the highest common divisor of v and 19.
19
Let t be (-10)/(2 - (-6 - 340/(-42))). Calculate the greatest common divisor of 330 and t.
15
Suppose 0*n = 4*n + 4*y - 368, -n + 92 = -y. Let q = n + -66. Calculate the highest common divisor of 208 and q.
26
Suppose -l - 4*a + 64 = 0, 0 = -l + a + 44 + 40. Calculate the highest common factor of l and 50.
10
Let g = 42 + -20. Let d(b) = 195*b + 1030. Let l be d(-5). What is the highest common factor of g and l?
11
Suppose 246*r - 244*r - 48 = 0. What is the greatest common factor of r and 15?
3
Suppose -2*w + 126 = 2*j, j = -2 - 3. Let z be 55/25 + (-2)/10. Suppose -z*b - 41 = -3*s, 4*s - 46 = b + 17. What is the greatest common factor of s and w?
17
Let h(u) = 3*u - 1. Let x(n) = n. Let k(z) = -4*h(z) + 18*x(z). Let f be 2/(-7) - 176/(-28). Let a be k(f). Calculate the highest common factor of a and 10.
10
Let g = 273 - -111. What is the greatest common divisor of g and 24?
24
Let s = 459 + -395. Calculate the highest common factor of 112 and s.
16
Let n = -71 - -77. Let t be (4 - n)/(1 + 94/(-90)). What is the highest common factor of t and 5?
5
Suppose 7*h - 258 = 4*h. Suppose 2*x = 2*o - 258, -3*o + 325 = 3*x - h. What is the greatest common factor of o and 19?
19
Suppose 4*m = 2*l - 0 + 44, 0 = -3*m + 2*l + 34. What is the greatest common factor of 430 and m?
10
Let a = 164 - -96. What is the greatest common factor of a and 20?
20
Suppose -w + 18*z - 13*z + 215 = 0, -5*w + 988 = 4*z. Calculate the greatest common divisor of w and 175.
25
Suppose -5*k = 17*k - 1232. Calculate the highest common divisor of k and 266.
14
Let a(g) = -4*g**2 + 56*g + 4. Let m be a(13). Suppose 0 = -3*n + 5*n + i - 30, 0 = -3*n + 3*i + 36. Calculate the highest common divisor of m and n.
14
Let c = -340 + 352. Calculate the greatest common factor of 108 and c.
12
Let c = 1779 - 1149. Calculate the greatest common divisor of 450 and c.
90
Let r be 0/((-3)/3) - 1. Let o = r + 5. Suppose 3*n = o*n - 23. Calculate the highest common factor of 253 and n.
23
Suppose 26612 = 59*h - 13036. Calculate the greatest common divisor of 126 and h.
42
Suppose 0 = -4*f + 47 + 1. Let k be f/6*(10 - 2). Calculate the highest common divisor of k and 8.
8
Let m(i) = 2*i**2 - 58*i + 73. Let s be m(28). Calculate the greatest common divisor of 221 and s.
17
Suppose -b = x + 28, 10*x - 6*x - 33 = b. Let l = 53 + b. Let h(c) = 3*c - 12. Let p be h(8). Calculate the greatest common factor of l and p.
12
Let j(n) = n**3 + 7*n**2 - 3*n + 4. Let x be j(-7). Let f be -2*1*x/(-2). Calculate the highest common divisor of 50 and f.
25
Suppose -9 + 57 = 6*i. Let p be (4 - (-345)/6)*i/6. What is the highest common factor of p and 205?
41
Let m be 1/2*(98 - -14). Let t = -12 + 0. Let b be 8/t - (-88)/6. Calculate the highest common factor of b and m.
14
Suppose -39 = -3*v - 9. Suppose 2*j = j + v. Suppose -4*g = -46 + 6. What is the greatest common factor of j and g?
10
Let p = 4 + 14. Let w = 59 + -53. Suppose 0 = w*b + 3 - 15. What is the highest common factor of p and b?
2
Suppose -19 = 3*t + 4*n + 5, 5*n - 40 = 5*t. Let y = 10 + t. Suppose 4*u + q - 189 = 0, -168 = -4*u + y*q + 30. What is the greatest common factor of 6 and u?
6
Suppose 0 = 2*n + 1369 - 1697. What is the highest common factor of 41 and n?
41
Suppose -3*m = y - 5, 0*m - y - 13 = -3*m. Let i be m*-2*((-800)/15)/5. What is the highest common divisor of i and 8?
8
Suppose -2*o = u - 18, -3*u - 6*o + 70 = -8*o. What is the greatest common factor of u and 396?
22
Suppose 12*r + 360 = 18*r. Let b = 24 - 9. Calculate the greatest common divisor of b and r.
15
Suppose -5*t + 3*t + 20 = 0. What is the greatest common divisor of t and 140?
10
Let y = 774 + -729. What is the greatest common factor of 720 and y?
45
Suppose v + 3*p + 17 = 0, 7*v + 68 = 3*v + 2*p. Let c be 486/135*(v/(-2) - 1). What is the highest common divisor of c and 18?
9
Let t be 8/(-52) + 977/13. Let v = -310 - -335. Calculate the highest common factor of t and v.
25
Suppose -4*r + 96 = -144. Suppose -3*k + 2*o + 72 = -o, k - 5*o - 40 = 0. What is the greatest common factor of r and k?
20
Let k be 2106/75 + (-54)/675. Calculate the highest common factor of 308 and k.
28
Let t(s) = 14 + 9 + s + 12 - 4. Let g be t(-19). Calculate the highest common divisor of 12 and g.
12
Let x = 8 - -5. Let k = -3 - -120. Calculate the highest common factor of k and x.
13
Let v(k) be the second derivative of k**4/12 - 13*k**3/6 - 6*k**2 - 15*k. Let o be v(15). What is the greatest common divisor of 90 and o?
18
Suppose 2*s = 2, -3*t + 6*s = 11*s - 20. Calculate the greatest common factor of 500 and t.
5
Suppose -88 = -4*d + 72. Let k be ((-8 - 1) + 7)*(-2 - 28). Calculate the greatest common factor of d and k.
20
Let n be -30*-1*(-2 + 3). Suppose n = i + 2*i. Calculate the highest common divisor of 25 and i.
5
Suppose 0 = -5*s - 0*q + 2*q + 24, 5*s - 36 = -2*q. Calculate the highest common factor of s and 6.
6
Suppose 3*s - 1607 = -5*v, 24*v - 1287 = 20*v - s. What is the highest common divisor of v and 84?
14
Let u be ((-22)/66 - 403/(-3)) + 1. Calculate the greatest common factor of 81 and u.
27
Suppose -5*s = -0*h - 5*h - 1765, -2*h - 10 = 0. Calculate the greatest common factor of s and 12.
12
Let d(j) = -j - 1. Let g be d(4). Let q be 0 - (-2 - -1) - g. Suppose i = 2*n - 101, -2*n - 5*i + 70 = -1. What is the greatest common factor of n and q?
6
Let u be (35604/(-8))/(-9) - (-1)/2. Calculate the greatest common divisor of u and 45.
45
Let n = 255 + -177. What is the greatest com